st derivative of d**4/4 + d**3/3 - 2*d**2 - d - 2. Let x = -16 - -13. What is n(x)?
-7
Suppose i + g - 11 = -4*g, 0 = -4*i + g + 2. Let n = 5 + -5. Let u = n - i. Let w(a) = -2*a + 1. Calculate w(u).
3
Let o(j) = 5 - 2 - 1 + j**2 + 6*j - 3. Calculate o(-6).
-1
Suppose 4*a - 4*j + 8 = 0, -3*j = -a - j - 6. Let r(t) = -2*t**2 + t + a - 6 + 4 - 2*t**3. Give r(-2).
6
Suppose 5*i - 8 = -d, i + 12 - 4 = -5*d. Let j(t) = -2 - 3*t + 4 + 0*t + 0*t. Let q(h) = 3*h - 1. Let g(m) = -3*j(m) - 4*q(m). What is g(i)?
-8
Suppose 4*s = -3*d - 44, 2*d - 3*s - 1 = -19. Let l(k) = k**3 + 12*k**2 + k + 14. What is l(d)?
2
Let q(d) be the first derivative of -3*d**2 + 11. Let g = 0 - 1. Give q(g).
6
Let n be (2/1)/(2/4). Let l(f) = f - 4. Give l(n).
0
Suppose j = 3*c + 11, 38 = 5*j - c + 11. Let y be 1 + -1 - (-1 + j). Let g(l) = -l**2 - 3*l + 2. Calculate g(y).
-2
Let d(c) = -c**2 - 2. Let o be d(0). Let g(v) = -2*v**3 - 3*v**2. Determine g(o).
4
Let x(s) = s - 4. Let j = -5 - -8. Suppose 0 = -j*q + 2*l + 2*l - 26, -54 = 5*q - 4*l. Let n = -10 - q. Give x(n).
0
Let t(s) = 8*s + 0*s - 11*s + 2. What is t(3)?
-7
Let c(u) = -u**3 + 5*u**2 - 2*u - 1. Let s be c(4). Let a(z) = z**2 - 4*z - 9. Let w(d) = 3*d**2 - 11*d - 28. Let t(q) = -7*a(q) + 2*w(q). What is t(s)?
0
Let z = 58 - 59. Let p(y) = -6*y**2 - 2*y - 1. What is p(z)?
-5
Let w be -4 + 1 + 15 - 4. Let x be 9/(-21) - w/14. Let g(h) = -7*h - 1. Determine g(x).
6
Let c(o) = -o**3 - 6*o**2 - 1. Let h be c(-6). Let m = h - -1. Suppose b - 3 = u, m = u - 2*b + 4*b. Let a(x) = -2*x - 2. Determine a(u).
2
Let d(h) = -h - 4. Let j(a) = 2*a + 1. Let k(u) = d(u) + 2*j(u). What is k(-3)?
-11
Let s(t) = -t - t + t + 0. Suppose -5*w + 0 + 21 = -2*b, -w + 7 = b. Let a be s(w). Let p(y) = y**2 + 7*y + 4. Calculate p(a).
-6
Suppose -3*a - 2*r - r = 0, -a - 3 = 2*r. Let y(i) = 0*i**2 + 0 + i + 2*i - i**2 - 1. Calculate y(a).
-1
Let u(i) = i**3 + i**2 - 7. Suppose -3*o = -2*o - 5. Suppose 5*j = -n - o, -j + 4 = 5. Give u(n).
-7
Let v(t) = t**3 - 6*t**2 + 2. Let x be v(6). Let y(d) = d**x - 6*d + 6 - 4*d + 6*d. Determine y(5).
11
Let h(y) be the first derivative of y**2/2 - 3*y + 7. Give h(7).
4
Let k be (-66)/(-18) - 2/3. Let g(a) = 0*a - a**2 + a + 1 + 3*a + 2. Determine g(k).
6
Let a(f) be the first derivative of -2*f**2 + 1/4*f**4 - f**3 + 1 + 2*f. Suppose q + 2*u - 8 = -2*q, -2*q + u + 10 = 0. What is a(q)?
2
Let w(d) = -2*d**2 + 21*d - 11. Let s(a) = a**2 - 11*a + 6. Let o(c) = 7*s(c) + 4*w(c). Let j(p) = p**2 + 14*p + 38. Let u be j(-11). What is o(u)?
8
Let b(h) = 17 - h - 10 - 14. Calculate b(0).
-7
Let i = 1 + -3. Let j be (-50)/(-18) + i/(-9). Let b(m) be the second derivative of -m**4/12 + 5*m**3/6 - m. Determine b(j).
6
Suppose -4*v + 17 - 9 = 0. Let t(p) be the first derivative of 1/4*p**4 + 5/2*p**v - 6*p + 1 + 7/3*p**3. Determine t(-6).
0
Let r(n) = -5*n + 2 + 2*n + n - n. Let g = 5 - 1. Give r(g).
-10
Suppose -2*g = 3*g - 20. Let m(q) be the first derivative of q**3/3 - q**2 - 3*q + 1. Determine m(g).
5
Suppose -7 = 4*p - 3. Let k(g) = 8*g. Let b(d) = -7*d. Suppose 4*l - 4*t = 6 + 6, -5*l - 3*t + 31 = 0. Let o(u) = l*k(u) + 6*b(u). Determine o(p).
2
Let m be -4 - (28/(-4) - -4). Let n(s) = 5*s**3 + s**2 - s - 1. Give n(m).
-4
Let k(t) = -12 - t - 2*t - t + 5*t. Give k(6).
-6
Let t = -5 - -7. Let f be (-28)/(-8) - t/4. Let m(r) be the second derivative of -r**3/6 - r. Calculate m(f).
-3
Let p be 3*((-15)/(-9) + 0). Suppose -b + 16 = -p*j, 3*j + 16 = -0*j - b. Let f = 6 + j. Let r(z) = -2*z - 2. Calculate r(f).
-6
Suppose -5*y - 13 = -43. Let s(x) = x - 1. Give s(y).
5
Let o(r) = r**3 - r**2 + 2. Let a = -19 + 19. Calculate o(a).
2
Let k = 5 + -3. Let x = k + 0. Suppose a = -5*n - 0 - x, -10 = n + 5*a. Let b(j) = -j**2 - 7. What is b(n)?
-7
Let m(d) = d**3 + 5*d**2 - 5*d + 5. Suppose -4*c = -c + 18. Calculate m(c).
-1
Suppose -b - 1 = -2*q + 10, -b = 1. Let m(u) = 4 - u + 0 + 9 - q. Give m(0).
8
Let w be 19/5 + (-10)/(-50). Suppose 0*m - 18 = -2*m + w*q, 0 = 3*m + 5*q - 16. Let t(p) = p**3 - 8*p**2 + 8*p + 2. What is t(m)?
9
Let r(v) = v**2 + 5*v + 3. Let w = -3 - -1. What is r(w)?
-3
Let u(m) = -m + 1 - 8*m + 4*m + 13*m. Let c = -1 + 0. What is u(c)?
-7
Suppose 5*x = -0*q - 2*q + 18, 13 = 4*x + 3*q. Suppose 4*j - 12 - 4 = -y, x*y = 4*j + 4. Let a(u) = 2 + u - y - 3 + 6. Determine a(3).
4
Let d(n) be the first derivative of n**3/3 + n**2/2 - 5. Let o = 0 + 0. What is d(o)?
0
Let n(j) = 2*j + 4*j**2 - 2 - 2*j**2 - 4*j**3 + 2*j**3. Let d = 46 - 44. What is n(d)?
-6
Let i(v) = -v - 1. Suppose 5*g = -2*m - 17, 2*g + g - 3*m + 6 = 0. Give i(g).
2
Let j be 15*(2 + 15/(-9)). Let r be (-10)/j + -1 + -2. Let f(a) = -a**2 - 3*a + 5. Give f(r).
-5
Let g be 0/(-2) + (-8)/(-2). Let b be g/18 + (-64)/(-36). Suppose -3*c - a - 5 = 0, -b*c - 4*a = -7*a + 18. Let d(s) = s**3 + 5*s**2 + 3*s - 3. Calculate d(c).
6
Suppose 2*t - 3*q = 6, 3*t + 4*q - 26 = -0*q. Let h(g) = -71*g - 11. Let l(s) = 25*s + 4. Let x(n) = 6*h(n) + 17*l(n). Give x(t).
-4
Let f be -1 - (-4 - 1/(-1)). Suppose 3*c - 10 = 5*c, f*l = 3*c + 15. Let n(r) = -r**2 - r - 9. Calculate n(l).
-9
Suppose -r - 7 = -8. Suppose u - 5*b = 18, 6*u = u + 4*b + 6. Let q be 0 + r - (0 - u). Let x(w) = 5*w**3 - w**2 - w. Give x(q).
-5
Let j(n) = -n**3 + n**2 + n - 7. Suppose -4*q + 0*q = 0. Suppose z + 0*z = q. What is j(z)?
-7
Let f(j) = -j**2 + 4*j - 1. Suppose 2*r - 20 = -2*r. Suppose -5*q - p = -r*p - 37, -p = -5*q + 28. Determine f(q).
-6
Suppose 3*s - l = 13, 0 = 4*s - 2*s + 2*l - 6. Let o(a) = a - 7. Calculate o(s).
-3
Let l(n) = 2*n**2 - 3 - n**2 - 3 + 6*n + 9. Calculate l(-6).
3
Let q(x) = x + 8. Let s be q(-6). Let k(z) = 3*z - 1. What is k(s)?
5
Let h be -3 - 0 - 168/(-48). Let t(z) be the third derivative of 0*z + 3*z**2 - 1/120*z**6 + 0*z**4 - h*z**3 + 0 + 0*z**5. Determine t(0).
-3
Let n = -2 - -4. Let w(v) = 3*v + 2. Let f(j) = 3*j + 3. Let d(g) = 2*f(g) - 3*w(g). What is d(n)?
-6
Suppose -3*m = -5 + 2. Let z(a) = -m + 0*a**2 + 6*a - a**2 - a. Suppose -29*y - 12 = -32*y. Give z(y).
3
Let g(m) = -5*m**2 + 5*m + 2. Let y(k) = k**2. Let w(o) = g(o) + 4*y(o). Determine w(4).
6
Let d(m) be the first derivative of -m**4/4 - 2*m**3/3 + m**2 - m + 12. Let n be (1/(1/(-1)))/(-1). Calculate d(n).
-2
Let i(p) = -3*p - 2. Let b(l) = l + 1. Let a(u) = -4*b(u) - i(u). Calculate a(-3).
1
Let z(h) = 4*h**3 + 2*h**2 + 5*h - 1. Let f(b) = 17*b**3 + 7*b**2 + 21*b - 5. Let t(x) = -2*f(x) + 9*z(x). Determine t(-2).
-5
Let i(w) be the first derivative of -3*w**2 - w - 9. Give i(-2).
11
Let r(d) = -2*d**3 - 4*d**2 - 8*d + 13. Let a(s) = s**3 + s - 2. Let h(x) = 3*a(x) + r(x). Determine h(5).
7
Let c(l) = -l**3 + 10*l**2 + l - 2. Let x be c(10). Let j be (-94)/18 + x/36. Let b(w) = -w - 4. What is b(j)?
1
Let s(y) = -y - 3. Let f be s(-4). Suppose -2*p + f = -3*p - n, 5*p = 2*n + 23. Let v(r) = r**3 - 3*r**2 - 3*r + 3. Determine v(p).
-6
Let a(n) = -n**2 - n + 1. Let h(t) = -t**2 - t + 1. Let i(y) = -6*a(y) + 5*h(y). Suppose 3*b = -2*b - 2*q + 12, -2*b = 2*q - 6. What is i(b)?
5
Let w(n) = -2*n - 3. Let t be 9 - (6/(-2))/3. Let b(d) = d**3 - 10*d**2 + d - 7. Let f be b(t). What is w(f)?
-9
Let l = 8 - 9. Let s be -4 + 3 + l - -2. Let g(k) = 2*k - 2 - 4*k + 3*k. What is g(s)?
-2
Suppose 0 = -4*u + 3*r - 8, -4*u + 2*r - 7 = -3*u. Let w = -6 + u. Let i(v) = v**2 + 4*v + 7. What is i(w)?
12
Let q(g) = -g**3 - 7*g**2 - 8*g - 7. Let t be q(-6). Suppose 3*c - t - 4 = -3*y, -5*y - 13 = -2*c. Let f(p) = -16*p**3 + p. Determine f(y).
15
Let j(b) = b**3 - 5*b**2 - b - 2. Suppose 5*o - 3*z = 31, -12 = -4*o - z + 6. Give j(o).
-7
Let x = 8 - 11. Let n = -4 - x. Let p(g) = -8*g - 1. Let a(i) = i. Let m(j) = 5*a(j) + p(j). Calculate m(n).
2
Let d(u) = -5*u - 2. Let l be 2/(-10) - ((-30)/25 - 1). Give d(l).
-12
Let l be (4/(-6))/(3/(-54)). Let d(q) = 12 - l - 4*q + q. Let i = -4 + 2. What is d(i)?
6
Suppose f = 2*s + 5, 3*f = 2*s + 5 + 2. Let l be f/3*(9 + -3). Let i(r) = r**l - 2*r**2 - r - 2 - 2. Give i(0).
-4
Let n(v) = 2*v**2 - 2*v + 1. Let w be n(2). Suppose w*i + 0*i + 4 = 4*a, i = a - 1. Let x(m) = -7 + 0*m + 2*m**2 - 3*m**2 + m. What is x(i)?
-7
Let c(k) = -4*k**3 + 5*k**2 - k - 5. Let j(p) = 2 + 4 + p + 6*p**3 - p**3 - 6*p**2. Let t(d) = -6*c(d) - 5*j(d). Calculate t(1).
0
Let k(o) = -o**2 + o +